195/((-13)/1) - -9465?
2, 3, 5, 7
Let m(p) = p**3 - 6*p**2 - p + 11. Let v be m(6). Suppose v*r + 4*j = 1334, 2*j = -4*r - j + 1068. Suppose 2*y + 38 = r. What are the prime factors of y?
2, 29
Let j = 15269 - 3334. List the prime factors of j.
5, 7, 11, 31
Let i = 30826 - -5241. List the prime factors of i.
36067
Suppose -275*i = -196*i - 5077014. What are the prime factors of i?
2, 3, 10711
Suppose 1009 + 4871 = 21*v. Let p be -1 + (-6)/(-4)*2. Suppose -7*n + p*n = -v. What are the prime factors of n?
2, 7
Suppose 0 = -9*h - 0*h + 1376 + 12358. What are the prime factors of h?
2, 7, 109
Suppose -6 = -3*j + 7*w - 4*w, -3*j + 2 = -w. Suppose j = 12*d - 36. Suppose 3*p = -3*b - 199 + 931, d*p = 12. List the prime factors of b.
2, 3, 5
Let z = 12858 + -11072. List the prime factors of z.
2, 19, 47
Let m(c) = c**2 + 3*c + 3. Let u be m(-3). Suppose 4*r = u*r. Suppose r = 3*l - 41 - 19. List the prime factors of l.
2, 5
Suppose -5*v + 12 = -18. Suppose 5*b + 74 = 2*l, v*l = 2*b + 3*l + 23. What are the prime factors of (-12)/9*1608/b?
2, 67
Suppose 0 = -8*a + 6 + 34. Suppose -3*b + 6*o + 21 = 2*o, a*b - 4*o = 27. Let u(h) = 5*h**3 - h**2 - 5*h + 1. What are the prime factors of u(b)?
2, 7
Let r(g) be the third derivative of 7*g**5/60 - g**4/3 + 53*g**3/6 - 5*g**2 + 11*g. What are the prime factors of r(8)?
19, 23
Suppose 5*f - 190480 = -5*u, 4*u = -440 + 436. List the prime factors of f.
3, 17, 83
Let b(m) = -11*m**3 - 5*m**2 + 36*m + 688. What are the prime factors of b(-15)?
2, 7, 1291
Let f be 7/(42/(-9))*82. Let s(w) = w**2 - 39*w + 32. Let z be s(15). Let h = f - z. What are the prime factors of h?
5, 41
Suppose 3*z = -4*a - 13, 8 = -3*a + 4*a - 3*z. Let r(x) = x**3 + 2*x**2 + x + 1. Let p be r(a). List the prime factors of (-1 + 66 + 2)/(1/p).
67
Let h = 158 + -230. Let v = h - -20. Let p = v + 118. What are the prime factors of p?
2, 3, 11
Let v = -23498 - -23749. What are the prime factors of v?
251
Suppose 192*m - 185*m = 0. Suppose -4*x + c + 5224 = m, 1660 - 5578 = -3*x - 5*c. List the prime factors of x.
2, 653
Let s be (-2*112 - (-1 + -4)) + 1. List the prime factors of (177 + s)*(-30 - (1 + 0)).
31, 41
Suppose -3*u + 6 = 0, -5*u = -3*y - 210 + 8. Let j = 168 - y. What are the prime factors of j?
2, 29
Let t = -55 - -120. Suppose i = -4*v + 128, 4*v - 177 + t = -5*i. Suppose -5*m = -x - 1272 - v, 0 = m - 2*x - 261. List the prime factors of m.
3, 29
Let r(j) = j**3 + 9*j**2 - j - 201. What are the prime factors of r(19)?
2, 3, 103
Suppose 4*q + 4*r - 103616 = 0, -18*q = -16*q + 13*r - 51819. List the prime factors of q.
25903
Let s(x) = 5746*x**3 + x**2 + 3*x - 3. What are the prime factors of s(1)?
7, 821
Let z be (72/90)/(1 - (-12)/(-10)). Let x(a) = -149*a**2 - a + 10. Let w be x(z). What are the prime factors of 2/(-3) - (w/(-9))/(-2)?
131
Suppose 0 = -7*m + 40 + 2. Let j be -2 - ((-52)/m - 14/(-21)). Suppose 4*s + j*l - 747 = 5*l, 750 = 4*s + 2*l. What are the prime factors of s?
2, 3, 31
Let u = -6 + 13. Suppose -3*l + 386 = 5*r, u*r + 4*l = 2*r + 383. Suppose -5*j - 3*b = -r, -b = -2*j + 19 + 6. What are the prime factors of j?
2, 7
Suppose 3014 + 2653 + 1089 = 12*z. What are the prime factors of z?
563
List the prime factors of 868536/84*((-450)/(-27) + -12).
2, 3, 4021
Suppose r + 13204 = -44*r + 590149. What are the prime factors of r?
12821
Let s be (0/(-1))/(-1 - -4). Let d be 5 + -1 + s/(2 - 4). Suppose 0*x = d*x - 120. List the prime factors of x.
2, 3, 5
What are the prime factors of (-1 + 10/12)*(51 - 22 - 418211)?
69697
Suppose 0 = -91*c + 61*c + 152820. List the prime factors of c.
2, 3, 283
Suppose -10 = -z - 4*h, 0 = -h + 2*h - 2. Let s be ((-50)/(-15))/(z/3). Suppose -3*l = s*g - 274, -l - 2*g = -123 + 31. List the prime factors of l.
2, 11
Suppose 0 = -x - 2*s + 420, -4*s - 24 = 4*x - 1720. Let z = x + -106. Let u = z - 200. What are the prime factors of u?
2, 61
Suppose -3 - 9 = -4*p, 4*p = 3*q - 258. Let z(u) = 10*u + 82. Let k be z(-8). Suppose 7*n = -k*n + q. List the prime factors of n.
2, 5
Let l be 1737/12*(-832)/(-12). Suppose 24*x + 2*x = l. What are the prime factors of x?
2, 193
List the prime factors of (3 - -6)/((-5)/(-4945)).
3, 23, 43
Suppose -30 = -2*l + 4*f, 5*l + f = l + 60. Suppose 300 = l*c - 3*c. Suppose -45*t = -46*t + c. List the prime factors of t.
5
Let v(i) = -5*i - 27. Let y be v(-6). Let u be (92/3 + -4)*y. Suppose -3*b = -3*k + k + 75, 2*b = -2*k + u. List the prime factors of k.
3, 13
List the prime factors of (22/(352/12))/((-3)/(-193356)).
3, 41, 131
Let j = -7 - -11. Suppose -3*n - j*n + 49 = 0. What are the prime factors of 1*4 + 378/n?
2, 29
Let d(j) = -j**2 + 11*j. Let p be d(13). Let t be -2*(-754)/(-12) - p/39. Let a = t - -202. What are the prime factors of a?
7, 11
Suppose 8 = 2*v + 18. Let g = v - -10. Suppose g*r + 53 = 6*r. List the prime factors of r.
53
Suppose -4*h + 8*h = 4, r - 2*h = 13. Suppose -14 = 2*c + 2*c + 2*j, -4*c - r = 3*j. Let g(k) = -k**3 - 6*k - 1. List the prime factors of g(c).
2, 11
Let x(q) be the third derivative of -67*q**4/24 + 37*q**3/3 - 5*q**2. What are the prime factors of x(-7)?
3, 181
Suppose -4*r + 3442 = -4014. Suppose 4*l + 256 - r = 0. List the prime factors of l.
2, 3, 67
Let v = 11670 - 3919. What are the prime factors of v?
23, 337
Suppose -74 + 26 = -12*u. Suppose v + 3*x = 133, -u*v + 472 = 6*x - 9*x. List the prime factors of v.
11
Let n(r) = 1 - 10 - 1 + 10*r + 2*r**2. Let y be n(-13). Suppose 6*w = -30 + y. What are the prime factors of w?
2, 7
Suppose -3*w = 4*s - 4*w + 8, 0 = s - 5*w - 17. Let b(u) = -u + 1. Let i(q) = -2*q - 20. Let m(h) = -3*b(h) - i(h). What are the prime factors of m(s)?
2
Suppose -4*v + 5570 = -11*v + 17*v. List the prime factors of v.
557
Suppose -119*d = -116*d - 6. List the prime factors of (-1461)/(9/d - 6).
2, 487
Suppose -1100 - 11356 = -12*u. Let r = u + -433. List the prime factors of r.
5, 11
What are the prime factors of ((-4334 - 1)/5 - -8)/(1/(-9))?
3, 859
Suppose -11*f - 10458 = -13*f. Suppose -14*y + 5*y = -f. What are the prime factors of y?
7, 83
Suppose 0 = 5*c + c - 12. Suppose -139 = -c*y + 53. Let m = 110 - y. List the prime factors of m.
2, 7
Let n(r) = -4*r + 0 - 5 - 6 + 4*r**2. Let m be (2 - (1 + -2))*(-5)/(-3). What are the prime factors of n(m)?
3, 23
Let n be ((-1)/(-3))/(1/9). Suppose 3*r = -x - 17, -n*r = 4*x + 5 + 9. List the prime factors of -27*4/r + (-2 - -3).
19
Suppose -306*s - 26712 = -330*s. List the prime factors of s.
3, 7, 53
Let d(g) = g**2 + 15*g - 1542. List the prime factors of d(50).
2, 7, 61
Let l = 243 + -205. What are the prime factors of ((-19)/l)/((-1)/624) + 3?
3, 5, 7
Suppose -27 - 21 = -12*v. Suppose 3*y - v*y = -5030. What are the prime factors of (-2)/3 + 1 + y/30?
2, 3, 7
Suppose -5*g = 7*k - 2*k, 0 = -3*g + k + 20. Let c(w) = 3*w**3 + 6*w**2 + 14*w - 10. What are the prime factors of c(g)?
3, 5, 13
Suppose 3*q + 147 = -81. Let v be (-5)/(-25) + q/(-20). What are the prime factors of ((-4)/3)/(v/(-258))?
2, 43
Let l = 5 + -2. Suppose -l = -5*t + 22. Suppose -4*g - 4*n = -564, -4*g + 564 = -0*g + t*n. List the prime factors of g.
3, 47
Suppose 0 = 4*s + c + 473, -2*s + c + 0*c - 235 = 0. List the prime factors of s/(-1003) - 2827*3/(-17).
499
Let m(g) = 91*g - 12. Suppose 2*w - 5*t = -2*t + 8, 0 = 5*w + 5*t - 45. What are the prime factors of m(w)?
5
Suppose -18744 = 28*n - 196684. List the prime factors of n.
5, 31, 41
Let c be -9 - (0 - -3)/3. Let t(s) = 51*s**2 + 4*s - 3. Let v be t(1). What are the prime factors of (v/5)/(c/(-75))?
2, 3, 13
Suppose 2*t - 23 = t. Suppose -u - u + 4*n = 10, 0 = -4*n. Let g = t + u. What are the prime factors of g?
2, 3
Let h(y) = 523*y - 295. What are the prime factors of h(17)?
2, 7, 307
Suppose 0 = 5*u + o - 9 - 5, 0 = -3*u + 2*o - 2. Let f(d) = -d**2 - 4*d - 3. Let g be f(-3). Suppose g = -3*t, t + 162 = u*n - 68. List the prime factors of n.
5, 23
Let u be -32 + (-1)/8*-4*0. Let a = -27 - u. Suppose 0 = 3*s + 4*w - 75 - 17, 0 = a*s - 2*w - 162. What are the prime factors of s?
2
Let u(b) = -b**2 - 3*b + 10. Let l be u(-5). Suppose l = -5*a - 4*s + 180, 0 = s + s - 10. Let r = a - -11. What are the prime factors of r?
43
Let d be (6/4)/((-122)/(-24) - 5). Suppose -d*q + 31*q - 4082 = 0. What are the prime fac